w = -p - 7269. List the prime factors of w.
23, 79
Let l = -654 + -727. Let k = -872 - l. List the prime factors of k.
509
Let k be 26/(-6) + 38/(-57). Let d be 25 + k*(-15)/25. Let o = d - -12. List the prime factors of o.
2, 5
Let i(b) = 4*b**2 + 2*b + 12. Let y be i(-4). Suppose 69*n - y*n + 3 = 0. What are the prime factors of n/(-2)*-2 - (-864)/18?
3, 5
Suppose -8*p + 3*p + 4*n = 465, 0 = 4*p + 5*n + 372. Let z = 770 + p. What are the prime factors of z?
677
What are the prime factors of (31/(-31))/((-3 + 0)/14355)?
3, 5, 11, 29
Let m be 42/(-357) - (-276)/34. Suppose -11*v - m = -13*v. Suppose 5*o + 4*z = z + 404, 3*o - v*z - 254 = 0. List the prime factors of o.
2, 41
Let d = 4283 + -2018. What are the prime factors of d?
3, 5, 151
Suppose 2*f + 21 = k + 2*k, -4*f - 35 = -5*k. Suppose 20 = -5*m, -k*r = -4*r + 2*m - 955. List the prime factors of r.
3, 107
Let k = -51917 + 84927. List the prime factors of k.
2, 5, 3301
Suppose 5*i + j = -226 + 9, -211 = 5*i + 3*j. Let m be ((-696)/i - 4) + 2/11. Suppose 7*c = m*c - 75. List the prime factors of c.
3, 5
Let j(w) = -1758*w**3 + 3*w**2 - 27*w - 60. List the prime factors of j(-2).
2, 3, 5, 7, 67
Suppose 57*z - 2057580 = -4*z - 9*z. List the prime factors of z.
2, 3, 23, 71
Let u = 10408 + 4878. What are the prime factors of u?
2, 7643
Let d be (-280)/(-32)*((-243)/3 - -1). List the prime factors of (-8)/(-44) - d/22.
2
Let c be (693 - (-2 - -3)) + (-2 - -6). Suppose -5*p = -5*j + 2*j + 706, -3*j + 3*p + c = 0. List the prime factors of j.
227
Let u(i) be the second derivative of i**5/20 - 5*i**4/4 - 2*i**3 - 10*i**2 + 2*i. Let a = 1760 + -1744. List the prime factors of u(a).
2, 11
Let o(j) = -3*j + 37. Let q be o(-25). Suppose q*d - 102*d = 8760. List the prime factors of d.
2, 3, 73
What are the prime factors of 69/(-46)*4 + -1 + 9990?
67, 149
Suppose -g + 16 = 3*g. Let c be (-1)/(-1 + 9/18). Suppose -g*f = -8, -c*i = -3*i + 3*f + 74. What are the prime factors of i?
2, 5
Suppose -l - 62498 = -5*f, -9 - 40 = -7*l. What are the prime factors of f?
3, 463
Let j = -623 + -723. Let s = -691 - j. List the prime factors of s.
5, 131
Let d = 276 + -276. Suppose d = 11*c - c - 940. What are the prime factors of c?
2, 47
Let f(j) = 25*j**2 - 9*j + 35. Let s be f(5). Suppose -k + s = 55. What are the prime factors of k?
2, 5, 7
Let u = -180 - -66. Let o be (15/9)/((-1 + 0)/u). Let s = -106 + o. What are the prime factors of s?
2, 3, 7
Let v = 11 - 8. Suppose -3*j = -2*n - 3, 4 - 1 = n + v*j. Suppose 0 = -5*w - a + 309, n = -4*w + 2*a - 5*a + 245. List the prime factors of w.
2, 31
Let i = -1914 - -13462. List the prime factors of i.
2, 2887
Suppose 9*s - 34*s + 1350500 = 25*s. What are the prime factors of s?
2, 5, 37, 73
Let k(p) = p**3 - 8*p**2 + 5*p + 16. Let l be k(7). Suppose l*h - h - 480 = -z, 0 = -5*h - 4*z + 2396. Let o = 690 - h. List the prime factors of o.
2, 107
Let x(l) = -6*l**3 - l**2 + l - 1. Let z be x(-2). Let i = z - 39. List the prime factors of ((-196)/(-21))/(i/9).
2, 3, 7
Let g = 33272 + -12683. List the prime factors of g.
3, 6863
Suppose -28*m + 11 = -17*m. What are the prime factors of ((-42)/(-49))/(m/1141)?
2, 3, 163
Let w = 349 + -146. Suppose 3*m = 268 + w. Suppose 2*x + 3 = 5, 5*o = 3*x + m. List the prime factors of o.
2
Suppose -22*q + 45592 = 19*q. Let k = q + 168. List the prime factors of k.
2, 5
What are the prime factors of (-216)/162 - (58/9)/(18/(-19413))?
6949
Let h be 936/30 + (-1)/5. Let g(w) = -w + w + 14*w + w - h. What are the prime factors of g(6)?
59
List the prime factors of (16869/(-4))/(7/(-28)*1) - 5.
2, 17, 31
Let t = 38 - 14. Suppose -2*a + t = a. Suppose 5*c = -b + 18, -c - 3*b + a = -5*b. List the prime factors of c.
2
Suppose -187*t + 133*t + 244458 = 0. What are the prime factors of t?
3, 503
Let k = -46403 - -79975. What are the prime factors of k?
2, 7, 11, 109
Let t = 21638 + 1619. What are the prime factors of t?
13, 1789
Let w = -29911 + 52426. What are the prime factors of w?
3, 5, 19, 79
Suppose 2*r + 4*n - 9*n + 1973 = 0, -n + 4990 = -5*r. Let a = 1771 + r. What are the prime factors of a?
2, 193
Suppose 51*u - 550984 = 180611. List the prime factors of u.
5, 19, 151
Let j(x) = 2*x**2 + 0*x**2 + 4*x**2 - 7*x + 0*x**2 + 8*x**2. List the prime factors of j(-7).
3, 5, 7
Let x be (-1 - 10/(-6))/((-3)/(-9)). Let h(u) = 22*u**3 + 2*u + 5. What are the prime factors of h(x)?
5, 37
Let r(g) be the third derivative of g**4/12 - 5*g**3/3 - 9*g**2. Let v be r(6). Suppose -u - 13 = w - 75, v*w = -8. List the prime factors of u.
2, 3, 11
Suppose 2*n = -2*m + 5*n - 3, 0 = -4*m + n - 1. Suppose m = -13*j + 1287 + 1729. List the prime factors of j.
2, 29
Let d = -24557 - -38162. What are the prime factors of d?
3, 5, 907
Suppose 171*l + 24 = 165*l. What are the prime factors of (2/(28/(-2373)))/(2/l)?
3, 113
Suppose x + x - 40478 = w, -40514 = -2*x - 5*w. List the prime factors of x.
2, 29, 349
Suppose -3*r = 3*o - 28278, r - 6319 - 3115 = -3*o. List the prime factors of r.
2, 7, 673
Let p(q) = 2*q + 16. Let n be p(2). Let c = 394 + n. What are the prime factors of c?
2, 3, 23
Let y(h) = h**2 + h + 1. Let z be y(1). Suppose -4*k + 296 = -l + 5*l, l - z*k - 82 = 0. What are the prime factors of l?
2, 19
Let h = 67 - 69. Let o be (0 - 1/h)*(-12)/(-2). Suppose 0 = -o*w + 3*y + 309, 125 - 22 = w - 4*y. What are the prime factors of w?
103
Let z = 256 - -42. Suppose 300*d = z*d + 54. What are the prime factors of d?
3
List the prime factors of (17 + 117)/(-6*1)*-15.
5, 67
Suppose 8*z - 12*z = -1228. Let m = 18 - 13. Suppose 2*n = l - 50 - 51, -m*n = -3*l + z. What are the prime factors of l?
109
Let l be 226/46 + (-28)/(-322). Let c be l/(-5) + ((-15)/(-3) - 2). Let f(w) = 31*w**2 - 3*w + 2. What are the prime factors of f(c)?
2, 3, 5
Let t(r) = -r**3 + 4*r**2 - 2*r - 1. Let q be t(2). Suppose 0*c - q*n - 1160 = -4*c, -c - 4*n = -271. What are the prime factors of c?
7, 41
Let o = -268 + 281. Suppose -7937 = -o*v - 462. List the prime factors of v.
5, 23
Let z = 24302 - -15481. What are the prime factors of z?
3, 89, 149
Let h = -126 + 254. Suppose -h = 11*a + 488. Let y = a + 72. List the prime factors of y.
2
Suppose 0 = -5*q + 2*j + 214087, 52*j = q + 57*j - 42785. List the prime factors of q.
5, 8563
Suppose 0 = -129*k + 24*k + 1370822 - 99377. List the prime factors of k.
12109
Suppose -28*v - 511 = -21*v. Let h = v + 78. What are the prime factors of ((15/h)/6)/(2/940)?
5, 47
Suppose -2*z + 148 = 4*g, -4*g + 214*z - 210*z = -148. What are the prime factors of g?
37
Let k be (3 - 2) + 108/(-4). Let j = -23 - k. Suppose j*d + 330 = 13*d. List the prime factors of d.
3, 11
Let r(y) = 7*y + 53. Let m(l) = -4*l - 26. Let g(s) = -9*m(s) - 4*r(s). Let t be g(-3). List the prime factors of 89/3*t*-3.
2, 89
Let i be (0 - (0 - 1))/((-1)/6). Let x(u) = -25*u + 24. Let c be x(i). Suppose c = -73*h + 76*h. What are the prime factors of h?
2, 29
Suppose -v = 5*v - 102. Let w(h) = h**3 - 18*h**2 + 19*h - 27. Let y be w(v). Suppose 540 = -n + y*n. What are the prime factors of n?
2, 3, 5
What are the prime factors of 22998/12 + 7 - 7/(-14)?
2, 13, 37
What are the prime factors of ((-800)/(-6))/((-28)/(-84))?
2, 5
Let t = -2 + -299. Let o = 733 + t. List the prime factors of o.
2, 3
Suppose 4210*j = 4228*j - 136656. List the prime factors of j.
2, 13, 73
Let k(v) = -v**3 - 16*v**2 - 8*v - 18. Let t be k(-14). Let p = 1041 + t. What are the prime factors of p?
743
What are the prime factors of -3953*17/((-85)/15)?
3, 59, 67
List the prime factors of (-2 + -5)*-1*(-13414)/(-14).
19, 353
Let h = 2961 - 1363. Let g = h + -712. List the prime factors of g.
2, 443
Suppose 4*b - 338 = 2*k, 6*b - 163 = k + 2*b. Let h = 67 - k. List the prime factors of h.
2, 11
Let f(p) = -p + 24. Let m be f(-18). Let j = 48 - m. What are the prime factors of (4 + -2)*84/j?
2, 7
Let u be 5/(4*(-3)/(-1164)). Let a be u/(8/2 - 3). Suppose 0 = 2*o + 3*o - a. What are the prime factors of o?
97
Suppose 0 = -11*k + 33 - 0. Suppose -l = -k*f + 23, 3*f - 2*l = 8*f - 53. Suppose -f*h + 469 - 73 = 0. What are the prime factors of h?
2, 11
Let m = 33647 + -23338. What are the prime factors of m?
13, 61
Suppose -3*b + 247 = 4*u, -u + 29 = -3*b - 44. Let w be (-15 - -17)*(u/1)/1. Let a = w - 55.